ctor of 1324196 and 1265668?
7316
Calculate the greatest common divisor of 8255585 and 1070.
535
Calculate the highest common divisor of 77127 and 70016.
547
What is the greatest common divisor of 11748 and 16979064?
1068
What is the greatest common divisor of 71142 and 125250?
1002
What is the highest common factor of 707902 and 63232?
494
Calculate the greatest common divisor of 11161600 and 324.
4
Calculate the highest common divisor of 51 and 413991786.
51
Calculate the highest common divisor of 485 and 17590.
5
Calculate the highest common divisor of 38759 and 380364215.
5537
What is the greatest common divisor of 78206136 and 60?
12
Calculate the greatest common factor of 23696 and 9225149.
1481
What is the greatest common factor of 217580 and 60415?
215
What is the greatest common divisor of 85604860 and 1496?
748
Calculate the highest common divisor of 71202184 and 8.
8
Calculate the highest common factor of 1511181 and 7470.
747
What is the highest common factor of 34618269 and 336?
21
Calculate the highest common divisor of 147153 and 64227.
813
Calculate the greatest common factor of 1306 and 4897.
1
Calculate the highest common factor of 2205918 and 653796.
2574
Calculate the highest common divisor of 3390 and 25620490.
1130
What is the greatest common factor of 5675012 and 28?
28
Calculate the greatest common factor of 4298840 and 65000.
520
What is the greatest common divisor of 1524 and 371551581?
381
What is the greatest common divisor of 17802 and 75536853?
2967
What is the highest common factor of 166909199 and 1844?
461
Calculate the highest common divisor of 11473 and 302652823.
1639
What is the highest common divisor of 20496 and 131376?
336
What is the greatest common factor of 1681340425 and 75?
25
Calculate the highest common factor of 2482 and 13138394.
146
Calculate the greatest common divisor of 318 and 27941759.
53
Calculate the greatest common factor of 3283369 and 132983.
1873
Calculate the greatest common divisor of 428614 and 38786.
82
Calculate the highest common divisor of 48 and 75810448.
16
What is the highest common factor of 1610070 and 102795?
1155
What is the highest common factor of 279424 and 691456?
4736
What is the greatest common divisor of 3341 and 87400303?
257
Calculate the highest common divisor of 808254 and 21414.
498
What is the greatest common factor of 98 and 35565404?
14
Calculate the greatest common factor of 11274 and 196667414.
3758
What is the highest common factor of 3011710 and 3250?
130
What is the greatest common factor of 6564 and 11482077?
1641
Calculate the greatest common divisor of 1851221 and 296.
37
Calculate the highest common factor of 4194 and 10951233.
699
What is the greatest common divisor of 731537 and 1055?
211
Calculate the greatest common divisor of 335 and 62224910.
335
What is the greatest common divisor of 224 and 5695018?
14
Calculate the greatest common factor of 1218 and 7189506.
174
Calculate the highest common divisor of 28589238 and 14792.
3698
What is the highest common factor of 870126433 and 1826?
913
What is the highest common divisor of 39623008 and 160?
32
What is the greatest common factor of 45 and 7618050?
45
Calculate the highest common factor of 55068 and 276.
12
What is the greatest common divisor of 29 and 176042557?
29
Calculate the highest common divisor of 18165 and 444045.
105
What is the highest common divisor of 1822870 and 160?
10
Calculate the greatest common divisor of 518547804 and 38352.
9588
Calculate the greatest common factor of 2224371 and 12.
3
Calculate the greatest common factor of 156 and 11114244.
12
What is the highest common divisor of 32 and 5982868?
4
What is the greatest common factor of 78366 and 62715?
111
What is the highest common factor of 4590 and 7349950?
170
Calculate the greatest common factor of 1944 and 479925.
243
What is the highest common factor of 124901646 and 13170?
2634
What is the highest common divisor of 1581 and 86186073?
51
Calculate the highest common divisor of 26265 and 2257039.
1751
What is the highest common divisor of 12 and 1622208?
12
What is the greatest common divisor of 110 and 1891720?
10
What is the greatest common factor of 3200 and 214128?
16
Calculate the greatest common factor of 100719 and 771.
3
What is the greatest common factor of 96 and 2566857?
3
What is the greatest common factor of 67 and 17493?
1
Calculate the highest common factor of 1355478 and 1224.
102
What is the greatest common factor of 230 and 2610620?
10
Calculate the greatest common factor of 20 and 335052460.
20
Calculate the greatest common factor of 38571 and 2640630.
2967
What is the highest common factor of 1035918 and 270?
18
Calculate the greatest common factor of 27260744 and 14.
14
Calculate the greatest common divisor of 272711 and 1840.
23
What is the highest common divisor of 40 and 282181720?
40
Calculate the greatest common divisor of 2482 and 281401.
17
Calculate the highest common factor of 28044 and 1027952.
164
What is the highest common divisor of 7330 and 189070?
10
What is the greatest common divisor of 2211 and 491997?
33
What is the highest common divisor of 70521819 and 597?
597
What is the greatest common divisor of 350028 and 365770?
926
Calculate the highest common divisor of 17723065 and 2690.
1345
What is the highest common factor of 467 and 41335571?
467
What is the highest common divisor of 2154114433 and 3158?
1579
What is the greatest common divisor of 22632 and 29248088?
7544
What is the highest common divisor of 190 and 14767370?
190
Calculate the greatest common factor of 319865880 and 2040.
2040
Calculate the greatest common factor of 3230 and 162913720.
170
What is the highest common divisor of 835662110 and 10?
10
What is the highest common factor of 7766319 and 81?
3
What is the greatest common divisor of 517669 and 28613?
31
Calculate the highest common factor of 30 and 2061230.
10
Calculate the greatest common divisor of 228 and 13342389.
57
What is the highest common factor of 5561484 and 852?
12
What is the highest common divisor of 11652080 and 2640?
880
What is the greatest common factor of 4620 and 403284?
84
What is the highest common divisor of 644133 and 1961?
37
What is the greatest common divisor of 2843660 and 200?
20
Calculate the highest common factor of 42 and 37991919.
21
Calculate the greatest common factor of 55071307 and 613.
613
Calculate the highest common divisor of 4004 and 790636.
308
What is the greatest common divisor of 60 and 8769588?
12
Calculate the greatest common divisor of 5312 and 237109088.
2656
Calculate the highest common factor of 2175882 and 5790.
1158
Calculate the greatest common factor of 209 and 69734940.
209
Calculate the greatest common factor of 4905771520 and 3328.
3328
What is the greatest common divisor of 21707 and 111181?
49
What is the greatest common factor of 114675 and 4288150?
3475
Calculate the greatest common factor of 37934 and 7462.
26
What is the greatest common divisor of 20 and 63114820?
20
Calculate the greatest common factor of 274503528 and 41.
41
What is the highest common divisor of 1974408 and 216?
24
Calculate the highest common factor of 2161230 and 2562.
366
What is the highest common divisor of 2662 and 548020?
22
What is the highest common divisor of 8466 and 14552556?
498
Calculate the highest common factor of 27776 and 1224066.
62
Calculate the highest common divisor of 1337 and 4711.
7
Calculate the highest common factor of 116 and 63586364.
4
What is the highest common divisor of 22444 and 21824?
124
What is the highest common factor of 16978644 and 567?
9
What is the greatest common divisor of 10005754 and 55?
11
What is the greatest common factor of 2 and 7288783?
1
What is the greatest common factor of 91 and 2057524?
7
What is the greatest common factor of 288318 and 628003?
1657
What is the greatest common factor of 992 and 2279712?
32
What is the highest common divisor of 710 and 10286196?
142
Calculate the greatest common divisor of 5398758 and 26622.
918
Calculate the highest common factor of 5694 and 364052.
26
What is the highest common divisor of 1160 and 187864175?
145
What is the greatest common divisor of 3660 and 31287876?
732
Calculate the highest common divisor of 120785 a